se -g*t + 22 = 2*x - 0*t, 5*t = 0. Is x a prime number?
True
Suppose -5*q = -0*q - 15. Suppose 116 = 2*o - 142. Suppose -c - 2*j = -o - 18, q*j - 3 = 0. Is c a composite number?
True
Suppose -2*w + 80 = 2*y - 26, -y + 3*w = -53. Is y a prime number?
True
Is -1*(-3 + 1) - -101 composite?
False
Suppose 0 = -3*a + 1067 + 412. Is a composite?
True
Suppose 0*x + 5*x + 6 = -g, 5*g + 3*x = -30. Let q(f) = f**2 - 2*f + 5. Is q(g) a composite number?
False
Suppose 0*k - 2*k + 12 = -4*t, 4*t = -3*k - 32. Let y(l) be the third derivative of -3*l**4/8 + l**3/3 + 8*l**2. Is y(t) a prime number?
True
Suppose -20 = -2*v - 2*v. Suppose -50 - 340 = -v*m. Suppose -3*p + 471 - m = 0. Is p a prime number?
True
Suppose -12 = -3*t - 0*t. Suppose 249 = t*w - 83. Is w prime?
True
Let y(q) = 3*q**2 + 8*q - q**3 + q**2 + 4 - 3*q. Let r be y(5). Is (-134)/r*(-3 - -1) prime?
True
Let u(h) = -h**2 - 6*h + 4. Let g be u(-6). Suppose -2351 = -g*d + 4389. Is d composite?
True
Let j(p) = -14*p - 1. Let b(w) = -w**3 - 5*w**2 - 1. Let n be b(-5). Is j(n) a composite number?
False
Let d(j) = 2*j - 2. Let b be d(2). Suppose -b*v + 477 = v. Is v prime?
False
Let p = 23 - -25. Suppose -a - 68 = -3*i, 2*i - 5*a - p - 6 = 0. Is i a composite number?
True
Is (2 - -295) + -1*4 prime?
True
Suppose 5*p = -x + 2080, -2*p + x = -0*x - 832. Suppose 5*r - 9 = p. Is r a composite number?
True
Let n(k) = -k**3 + 6*k**2 - 2*k - 2. Let d be n(2). Suppose 2*j = -0*j. Suppose j = 3*f - 121 + d. Is f composite?
False
Is (-1 + -2)/(4*(-12)/6352) a prime number?
True
Suppose -4*q - k = -146 + 818, -4*q + 3*k - 672 = 0. Let x be (1*3)/(18/q). Is (x/2)/((-8)/12) a composite number?
True
Suppose -32*h + 21*h = -4873. Is h a composite number?
False
Let g be (-2)/((-5)/((-75)/(-6))). Suppose -g = -4*q + 3*q, 0 = -2*z + 2*q - 6. Is 5/z + 3/6 prime?
True
Is (-4)/8*(-1 + -117) prime?
True
Suppose 4*u = 5*p, 3*p + u - 9 = 2*p. Suppose t - 33 = -j, 3*j = -p*t + 8*j + 168. Is t composite?
False
Let y be 1293/(-2)*3/((-36)/8). Let t be (2 - 1) + 1 - -1. Suppose 0 = 5*n - o + 5*o - y, 0 = t*n + o - 253. Is n a prime number?
True
Suppose 63 = 5*r - 2*r. Is r a prime number?
False
Suppose 0*p - 5*p + 3166 = -3*y, -p - y = -638. Is p a prime number?
False
Let g(z) = -z**2 - 2*z. Let w be g(-2). Let i be w + 1 + 991 + 3. Suppose 0 = 4*b + b - i. Is b composite?
False
Suppose -h + 855 = -1094. Is h a composite number?
False
Suppose 4*f + 67 = 5*h - 77, -f = 1. Suppose 4*t - 28 = h. Is t prime?
False
Let r be 22*(1 + (-3)/(-6)). Let d = r + -20. Is d a composite number?
False
Let c(r) = -11*r + 1. Is c(-8) composite?
False
Let p(d) = -51*d - 28. Is p(-7) a prime number?
False
Let v be 0 + -1 + (-16)/(-1). Let u be (-100)/v*(1 + -4). Suppose 7 + u = 3*s. Is s prime?
False
Suppose 2*x - x = 3, l = -2*x - 82. Let s be -33 - (-1 + -2 + 3). Let o = s - l. Is o a prime number?
False
Suppose 4*b - 3*q = 5, -b - 5*q + 27 + 3 = 0. Suppose f - i = -4*f - 5, -5*i + 25 = -b*f. Suppose 5*r - 85 - 30 = f. Is r prime?
True
Let q be ((-40)/50)/(4/(-10)). Suppose t - 250 = -q*w, -3*w - 3*t + 230 + 139 = 0. Is w a composite number?
False
Let b be (0 - 1 - -2) + -3. Is b/(-4) + (-97)/(-2) a composite number?
True
Let a = 6 + -3. Suppose -a*j + 154 = -j. Is j a composite number?
True
Suppose 5*d = -v - 138 + 1397, -3739 = -3*v + 4*d. Is v a composite number?
False
Suppose -7*y = -2*y + 5. Is y/2 - 525/(-6) prime?
False
Let z(w) = w**2 - 6*w - 10. Let h be z(7). Let q = 3 + h. Suppose -4*v + 5*o = -220, q*v - 5*o + 220 = 4*v. Is v a prime number?
False
Suppose -4*z + 471 = -533. Is z a composite number?
False
Suppose 0 = -2*w + 136 + 90. Is w composite?
False
Let j be 110/6*(1 + 2). Let b be 3/6 + (-11)/(-2). Suppose -o = -b*o + j. Is o prime?
True
Let i be 1/((-1 - -3)/(-2)). Let l(z) = -34*z + 1. Is l(i) a prime number?
False
Suppose -224 = -n + 51. Let f be n*(-3)/((-15)/(-2)). Is (3/(-6))/(1/f) a composite number?
True
Let o be (60/18)/((-2)/(-3)). Suppose -o*c + 16 = -2*u, -2*c + c - 4 = -4*u. Suppose u*j - 158 = -0*j. Is j prime?
True
Let p be (-21 + 6/3)*7. Let y = -80 - p. Is y a composite number?
False
Let t be (2 - -8) + 18/6. Suppose -w - 2 = 4*g - 3*g, -4*w = -4*g + 8. Let r = w + t. Is r a composite number?
False
Let w(p) = 2 - 1 + 2*p**2 + 2*p - p**2 - 5*p + 16*p**3. Is w(2) prime?
True
Suppose -2*i - 5*y - 129 = -471, 2*y + 180 = i. Let x = 303 - i. Is x composite?
False
Let n = -354 + 1271. Suppose 3*z - o + 0*o = n, -o = -5*z + 1525. Suppose 3*v + 5*g - 284 = 0, -2*g + g + z = 3*v. Is v prime?
True
Suppose 5*g + y - 1020 = 0, -2*g + 2*y + 2*y = -430. Suppose -55 - g = -4*o. Suppose 5 = 2*v - o. Is v a prime number?
False
Suppose -4*k - 5 - 3 = 0. Let v be (-2)/(-1)*(k - -4). Suppose 66 = v*r - 5*o, -5*o + 18 - 98 = -5*r. Is r a prime number?
False
Let h(c) = 180*c**2 - 9*c - 14. Let k(n) = -36*n**2 + 2*n + 3. Let m(l) = -2*h(l) - 11*k(l). Is m(-6) a composite number?
True
Let w(j) = 3*j**2 - 27*j + 13. Is w(11) a prime number?
True
Suppose -2*g = -84 - 64. Suppose -4*m + 726 = g. Is m composite?
False
Suppose -2528 = -r - 5*n, r + 4*n = 2*r - 2501. Is r prime?
False
Suppose -2*g - 482 = 3*h, 0 = -3*g - 1 - 2. Let f = 303 + h. Is f a composite number?
True
Let b(h) be the third derivative of h**7/1260 + h**6/240 - h**5/20 - h**4/24 + 2*h**2. Let o(u) be the second derivative of b(u). Is o(7) a composite number?
False
Let y(u) = -2*u**2 + 5*u + 2. Let t be y(-4). Let g be 5*-3 + 1 + 1. Let n = g - t. Is n a composite number?
False
Let k(r) = 9*r**2 - 8 + 3*r**3 - 2*r**3 - 3 - 12*r. Let z = 5 + -13. Is k(z) composite?
False
Suppose -3*a + 3*x + 9 = 0, -a - 6*x = -3*x + 13. Let t = a + 4. Suppose -3*w - t*g = -81, 0 = 5*w - 0*w + g - 119. Is w composite?
False
Suppose -3*l = -4*z - 151, l + 2*z - 54 + 7 = 0. Is l prime?
False
Let u(r) = -94*r - 1. Let j be u(-5). Suppose j = 5*y + 94. Let x = y + -22. Is x prime?
True
Let q(h) = -48*h - 21. Let n be 18/2*(-1)/1. Is q(n) a prime number?
False
Let h(z) = z**3 + 7*z**2 - 8*z - 9. Let c be h(-8). Let i = -15 - c. Is 5 + 2*(-3)/i prime?
False
Is 146*(-3)/(-9) + (-1)/(-3) a prime number?
False
Suppose -12*m = -35048 + 2276. Is m a prime number?
True
Let t(r) = -4*r - 18. Is t(-10) composite?
True
Let n be 0/(1 - 0/(-2)). Suppose 11 = 5*m + 4*v, 4*v + 4 = -0*v. Suppose 0 = 3*s - 5*b - 38, n = b - 4*b - m. Is s a composite number?
False
Let h(i) = i + 1. Let n be h(4). Suppose -n*u = -396 - 329. Is u a prime number?
False
Let q = -4 + 6. Let f be q/3 - (-1295)/(-21). Let b = -39 - f. Is b composite?
True
Let f be 100/(1*4/6). Let h = f - 95. Is h a composite number?
True
Let b = 164 - -143. Is b a prime number?
True
Suppose 4*k + 3*o - 2 - 13 = 0, k + 15 = 3*o. Is 37 - 2 - k - 0 prime?
False
Let u(m) = m**2 + 5*m - 10. Let f(s) = 3*s**2 + 19*s - 41. Let h(c) = -2*f(c) + 9*u(c). Is h(-6) a prime number?
False
Let h = 125 - 74. Is h a composite number?
True
Is 4/(-2) + -2 + 135 prime?
True
Suppose -4*d + 3*l + 15 = -14, -2*d + l = -13. Suppose o - 2*o = 4*m - 156, 4*o = d*m - 174. Is m a composite number?
True
Suppose 0 = 3*q - 8*q - 3*h - 36, h = 3. Is (22/(-3))/(2/q) a composite number?
True
Let k(u) = 149*u**3 - 4*u**2 + 2*u + 1. Is k(2) a composite number?
False
Suppose -3*u = 77 - 32. Let v be ((-12)/u)/(1/70). Suppose q = -v + 219. Is q a prime number?
True
Suppose 5 = 2*h - h. Suppose 4*y + 58 = h*x, 0*y + 9 = 3*y. Is x a prime number?
False
Let i(f) = -f**3 + 6*f**2 - 3*f + 4. Let g be -1*(-1 + -4 + 0). Is i(g) prime?
False
Let q = 5 + -9. Let v be (q*1)/(4/8). Is ((-58)/v)/((-7)/(-84)) prime?
False
Let c be (2 + (-1 - -2))/1. Suppose s = -1, 3*x - c*s - 17 = -2. Suppose x*y - 131 = 3*y. Is y prime?
True
Suppose -5*b = -402 - 458. Suppose a = 2*i - a - b, 0 = -2*i + 4*a + 178. Is i a prime number?
True
Let z(n) = 0 + 4 - 4*n - 5 + 77*n. Suppose -4 + 0 = -2*g. Is z(g) composite?
True
Suppose 2*q = -4 + 8. Suppose -m = -q*m - 16. Let f = m - -59. Is f prime?
True
Let t be 1/(-2) + 3969/14. Let c = t - 92. Is c a composite number?
False
Let j(f) be the third derivative of 5/6*f**3 + 1/60*f**5 - 1/3*f**4 + 0*f + 0 + f**2. Is j(-6) prime?
True
Let g(o) = -2*o + 1. Let a be g(-1). Is (-1)/(2*a/(-402)) a prime number?
True
Let l be (1/(-3))/((-3)/9). Let u be l + -1*(-2 + 1). Supp